{"id":136746,"date":"2024-09-28T13:51:02","date_gmt":"2024-09-28T10:51:02","guid":{"rendered":"https:\/\/englishwinecentre.co.uk\/englishwine\/product\/rozel-rose-vodka-fruit-flavoured-vodka-inspired-by-rose-wine-notes-raspberry-white-peach-and-pink-grapefruit-flavours-perfect-for-pairing-with-mixers-and-using-in-cocktails-37-5-alcohol-70cl\/"},"modified":"2024-09-28T13:51:06","modified_gmt":"2024-09-28T10:51:06","slug":"rozel-rose-vodka-fruit-flavoured-vodka-inspired-by-rose-wine-notes-raspberry-white-peach-and-pink-grapefruit-flavours-perfect-for-pairing-with-mixers-and-using-in-cocktails-37-5-alcohol-70cl","status":"publish","type":"product","link":"https:\/\/englishwinecentre.co.uk\/englishwine\/product\/rozel-rose-vodka-fruit-flavoured-vodka-inspired-by-rose-wine-notes-raspberry-white-peach-and-pink-grapefruit-flavours-perfect-for-pairing-with-mixers-and-using-in-cocktails-37-5-alcohol-70cl\/","title":{"rendered":"Roz\u00e9l Ros\u00e9 Vodka, Fruit Flavoured Vodka Inspired By Ros\u00e9 Wine Notes &#8211; Raspberry White Peach And Pink Grapefruit Flavours. Perfect For Pairing With Mixers And Using In Cocktails 37.5% Alcohol, 70cl"},"content":{"rendered":"\nFRUIT VODKA WITH A TWIST: Roz\u00e9l is a vodka for ros\u00e9 lovers and your new obsession! A perfect blend of elegant design and delicate fruit flavoured vodka<br \/>\nPREMIUM PINK VODKA: The delicate fruity notes are inspired by a Provence ros\u00e9 wine with flavours of raspberry, white peach and pink grapefruit<br \/>\nALCOHOL DRINK WITH A DIFFERENCE: This 37.5% spirit creates a pretty blush hue when added to a cocktail and with mixers \u2013 perfect for Insta-worthy pics and special events<br \/>\nSIGNATURE SERVE: Roz\u00e9l Ros\u00e9 Vodka pairs perfectly with Raspberry and Rose Lemonade, make into a spritz cocktail with elderflower cordial and soda water or mix this vodka with your favourite mixer<br \/>\nPREMIUM FLAVOURED VODKA: Discover Roz\u00e9l Ros\u00e9 Vodka which makes the ideal gift for men or women, or create your own flavoured vodka gift sets for a special occasion<\/p>\n","protected":false},"excerpt":{"rendered":"<p>FRUIT VODKA WITH A TWIST: Roz\u00e9l is a vodka for ros\u00e9 lovers and your new obsession! A perfect blend of elegant design and delicate fruit flavoured vodka<br \/>\nPREMIUM PINK VODKA: The delicate fruity notes are inspired by a Provence ros\u00e9 wine with flavours of raspberry, white peach and pink grapefruit<br \/>\nALCOHOL DRINK WITH A DIFFERENCE: This 37.5% spirit creates a pretty blush hue when added to a cocktail and with mixers \u2013 perfect for Insta-worthy pics and special events<\/p>\n","protected":false},"featured_media":136747,"comment_status":"open","ping_status":"closed","template":"","meta":{"_glsr_average":0,"_glsr_ranking":0,"_glsr_reviews":0},"product_brand":[],"product_cat":[20010,24],"product_tag":[],"class_list":{"0":"post-136746","1":"product","2":"type-product","3":"status-publish","4":"has-post-thumbnail","6":"product_cat-grocery","7":"product_cat-wine","8":"pa_brand-rozel","9":"pa_manufacturer-icb-ltd","10":"pa_size-name-rozel-vodka-lemonade-250ml","11":"pa_weight-2-645547144-pounds","13":"first","14":"instock","15":"shipping-taxable","16":"product-type-external"},"_links":{"self":[{"href":"https:\/\/englishwinecentre.co.uk\/englishwine\/wp-json\/wp\/v2\/product\/136746","targetHints":{"allow":["GET"]}}],"collection":[{"href":"https:\/\/englishwinecentre.co.uk\/englishwine\/wp-json\/wp\/v2\/product"}],"about":[{"href":"https:\/\/englishwinecentre.co.uk\/englishwine\/wp-json\/wp\/v2\/types\/product"}],"replies":[{"embeddable":true,"href":"https:\/\/englishwinecentre.co.uk\/englishwine\/wp-json\/wp\/v2\/comments?post=136746"}],"wp:featuredmedia":[{"embeddable":true,"href":"https:\/\/englishwinecentre.co.uk\/englishwine\/wp-json\/wp\/v2\/media\/136747"}],"wp:attachment":[{"href":"https:\/\/englishwinecentre.co.uk\/englishwine\/wp-json\/wp\/v2\/media?parent=136746"}],"wp:term":[{"taxonomy":"product_brand","embeddable":true,"href":"https:\/\/englishwinecentre.co.uk\/englishwine\/wp-json\/wp\/v2\/product_brand?post=136746"},{"taxonomy":"product_cat","embeddable":true,"href":"https:\/\/englishwinecentre.co.uk\/englishwine\/wp-json\/wp\/v2\/product_cat?post=136746"},{"taxonomy":"product_tag","embeddable":true,"href":"https:\/\/englishwinecentre.co.uk\/englishwine\/wp-json\/wp\/v2\/product_tag?post=136746"}],"curies":[{"name":"wp","href":"https:\/\/api.w.org\/{rel}","templated":true}]}}